{"id":98,"date":"2022-03-23T10:41:18","date_gmt":"2022-03-23T09:41:18","guid":{"rendered":"https:\/\/holzhausenschule.de\/?page_id=98"},"modified":"2025-09-21T10:53:25","modified_gmt":"2025-09-21T08:53:25","slug":"beratung","status":"publish","type":"page","link":"https:\/\/holzhausenschule.de\/?page_id=98","title":{"rendered":"Beratung"},"content":{"rendered":"\n<p><strong>Das BFZ-Team an&nbsp;<\/strong><strong>der Holzhausenschule<\/strong><strong>&nbsp;<\/strong><strong>(Text Homepage)<\/strong><\/p>\n\n\n\n<p>Hiermit m\u00f6chten wir uns vorstellen. Wir sind&nbsp;(von links nach rechts)&nbsp;<\/p>\n\n\n\n<figure class=\"wp-block-image size-large\"><img loading=\"lazy\" decoding=\"async\" width=\"1024\" height=\"452\" src=\"https:\/\/holzhausenschule.de\/wp-content\/uploads\/2025\/09\/Teamfoto-bearbeitet-1024x452.jpeg\" alt=\"\" class=\"wp-image-1354\" srcset=\"https:\/\/holzhausenschule.de\/wp-content\/uploads\/2025\/09\/Teamfoto-bearbeitet-1024x452.jpeg 1024w, https:\/\/holzhausenschule.de\/wp-content\/uploads\/2025\/09\/Teamfoto-bearbeitet-300x132.jpeg 300w, https:\/\/holzhausenschule.de\/wp-content\/uploads\/2025\/09\/Teamfoto-bearbeitet-768x339.jpeg 768w, https:\/\/holzhausenschule.de\/wp-content\/uploads\/2025\/09\/Teamfoto-bearbeitet.jpeg 1280w\" sizes=\"auto, (max-width: 767px) 89vw, (max-width: 1000px) 54vw, (max-width: 1071px) 543px, 580px\" \/><\/figure>\n\n\n\n<p>Dirk&nbsp;Semiller, Kerstin Liese, Eva Eckert, Andrea Menzel und Markus Post<\/p>\n\n\n\n<p>Wir sind Lehrkr\u00e4fte des Beratung- und F\u00f6rderzentrums Mitte in Frankfurt&nbsp;am Main&nbsp;(BFZ). Wir sind F\u00f6rderschullehrkr\u00e4fte. An der&nbsp;Holzhausenschule&nbsp;haben wir&nbsp;unterschiedliche Aufgaben.&nbsp;<\/p>\n\n\n\n<p>Unsere wichtigsten Aufgaben sind:<\/p>\n\n\n\n<figure class=\"wp-block-image size-large\"><img loading=\"lazy\" decoding=\"async\" width=\"733\" height=\"1024\" src=\"https:\/\/holzhausenschule.de\/wp-content\/uploads\/2025\/09\/IMG_0006-2-733x1024.jpeg\" alt=\"\" class=\"wp-image-1356\" srcset=\"https:\/\/holzhausenschule.de\/wp-content\/uploads\/2025\/09\/IMG_0006-2-733x1024.jpeg 733w, https:\/\/holzhausenschule.de\/wp-content\/uploads\/2025\/09\/IMG_0006-2-215x300.jpeg 215w, https:\/\/holzhausenschule.de\/wp-content\/uploads\/2025\/09\/IMG_0006-2-768x1073.jpeg 768w, https:\/\/holzhausenschule.de\/wp-content\/uploads\/2025\/09\/IMG_0006-2-1099x1536.jpeg 1099w, https:\/\/holzhausenschule.de\/wp-content\/uploads\/2025\/09\/IMG_0006-2.jpeg 1289w\" sizes=\"auto, (max-width: 733px) 100vw, 733px\" \/><figcaption class=\"wp-element-caption\">Screenshot<\/figcaption><\/figure>\n\n\n\n<p>Genauere Erl\u00e4uterung zu unseren Aufgaben:&nbsp;<\/p>\n\n\n\n<p>&#8211;&nbsp;Wir sind zust\u00e4ndig f\u00fcr Kinder, die besondere Hilfe beim Lernen, im Verhalten, beim Sprechen oder in anderen Bereichen ben\u00f6tigen.<\/p>\n\n\n\n<p>&#8211;&nbsp;Unterst\u00fctzung und F\u00f6rderung im Unterricht:&nbsp;<\/p>\n\n\n\n<p>Wir unterst\u00fctzen die Klassenlehrer*innen im Unterricht und helfen den Kindern. Dabei finden wir heraus, welche Kinder besondere F\u00f6rderung ben\u00f6tigen.<\/p>\n\n\n\n<p>&#8211;&nbsp;Einzel- oder Kleingruppenf\u00f6rderung:<\/p>\n\n\n\n<p>Wir arbeiten mit einzelnen Kindern oder kleinen Gruppen, um Kinder mit erh\u00f6htem Unterst\u00fctzungsbedarf zu helfen.<\/p>\n\n\n\n<p>&#8211;&nbsp;Beratung von Lehrkr\u00e4ften und Eltern:<\/p>\n\n\n\n<p>Wir beraten die Lehrer*innen der&nbsp;Holzhausenschule&nbsp;und die Eltern. Wir begleiten auf Wunsch Elterngespr\u00e4che und sprechen Eltern an, wenn wir eine Empfehlung f\u00fcr sie haben.<\/p>\n\n\n\n<p>&#8211;&nbsp;Diagnostik:<\/p>\n\n\n\n<p>Bei Bedarf und nach Absprache mit den Eltern f\u00fchren wir Tests mit Kindern durch, um herauszufinden, welche Hilfen das Kind braucht.&nbsp;<\/p>\n\n\n\n<p>&#8211;&nbsp;Beratung und Diagnostik vor der Einschulung:&nbsp;<\/p>\n\n\n\n<p>Wir beraten auch Kinderg\u00e4rten und Eltern von Kindern, die noch nicht in die Schule gehen.<\/p>\n\n\n\n<p>&#8211;&nbsp;Nachteilsausgleich und F\u00f6rderplanung:&nbsp;<\/p>\n\n\n\n<p>Wir unterst\u00fctzen und beraten Lehrer*innen und Eltern bei Fragen zu Nachteilsausgleich und F\u00f6rderplanung.<\/p>\n\n\n\n<p>&#8211;&nbsp;Teilhabeassistenz\/Schulbegleitung:<\/p>\n\n\n\n<p>Wir unterst\u00fctzen alle Beteiligten beim Thema Teilhabeassistenz: Beantragung, Hilfeplanung und Unterst\u00fctzung bei der Suche von geeigneten Personen. Wir sind Ansprechpartner*innen f\u00fcr die Schulbegleitungen vor Ort.<\/p>\n\n\n\n<p>&#8211;&nbsp;Au\u00dferschulische Hilfen:<\/p>\n\n\n\n<p>Wir beraten und unterst\u00fctzen Lehrer*innen und Eltern beim Kontakt mit dem Sozialrathaus und anderen Stellen, wenn au\u00dferschulische Hilfen f\u00fcr ein Kind notwendig werden (z.B. LRS- oder&nbsp;Dykalkulie-F\u00f6rderung, Familienhilfe, Therapien).<\/p>\n\n\n\n<p>&#8211;&nbsp;Feststellung von F\u00f6rderbedarf:<\/p>\n\n\n\n<p>Wenn bei einem Kind die Feststellung eines F\u00f6rderanspruchs in Frage kommt, beraten und informieren wir die Eltern und Lehrkr\u00e4fte umfassend. Unser&nbsp;Ziel dabei ist es, dass alle Kinder an der&nbsp;Holzhausenschule&nbsp;bleiben k\u00f6nnen. Wenn wir&nbsp;zu der fachliche Einsch\u00e4tzung&nbsp;sind, dass bei einem Kind eine F\u00f6rderschule der bessere Lernort sein k\u00f6nnte, beraten wir die Eltern ausf\u00fchrlich.<\/p>\n\n\n\n<p>&#8211;&nbsp;Unterst\u00fctzung bei Schulaktivit\u00e4ten:&nbsp;<\/p>\n\n\n\n<p>Wenn es n\u00f6tig ist, begleiten wir Klassen bei au\u00dferschulischen Aktivit\u00e4ten, wie Klassenfahrten oder Ausfl\u00fcgen.<\/p>\n\n\n\n<p>Wenn Sie Fragen haben oder mit uns sprechen m\u00f6chten, melden Sie sich gerne bei uns. Sie erreichen uns \u00fcber das Sekretariat oder via Mail:<\/p>\n\n\n\n<p>\u2022&nbsp;Kerstin Liese:&nbsp;<a href=\"mailto:kerstin.liese@schule.hessen.de\">kerstin.liese@schule.hessen.de<\/a><\/p>\n\n\n\n<p>\u2022&nbsp;Markus Post:&nbsp;<a href=\"mailto:markus.post@schule.hessen.de\">markus.post@schule.hessen.de<\/a><\/p>\n\n\n\n<p>\u2022&nbsp;Dirk&nbsp;Semiller:&nbsp;<a href=\"mailto:dirk.semiller@schule.hessen.de\">dirk.semiller@schule.hessen.de<\/a>&nbsp;&nbsp;<\/p>\n\n\n\n<p>\u2022&nbsp;Andrea Menzel:&nbsp;<a href=\"mailto:andrea.menzel@schule.hessen.de\">andrea.menzel@schule.hessen.de<\/a><\/p>\n\n\n\n<p>\u2022&nbsp;Eva Eckert:&nbsp;<a href=\"mailto:eckertelse@aol.com\">eckertelse@aol.com<\/a>&nbsp;&nbsp;<\/p>\n\n\n\n<p><\/p>\n","protected":false},"excerpt":{"rendered":"<p>Das BFZ-Team an&nbsp;der Holzhausenschule&nbsp;(Text Homepage) Hiermit m\u00f6chten wir uns vorstellen. Wir sind&nbsp;(von links nach rechts)&nbsp; Dirk&nbsp;Semiller, Kerstin Liese, Eva Eckert, Andrea Menzel und Markus Post Wir sind Lehrkr\u00e4fte des Beratung- &hellip; <\/p>\n<p class=\"link-more\"><a href=\"https:\/\/holzhausenschule.de\/?page_id=98\" class=\"more-link\"><span class=\"screen-reader-text\">\u201eBeratung\u201c<\/span> weiterlesen<\/a><\/p>\n","protected":false},"author":2,"featured_media":0,"parent":0,"menu_order":0,"comment_status":"closed","ping_status":"closed","template":"","meta":{"footnotes":""},"class_list":["post-98","page","type-page","status-publish","hentry"],"_links":{"self":[{"href":"https:\/\/holzhausenschule.de\/index.php?rest_route=\/wp\/v2\/pages\/98","targetHints":{"allow":["GET"]}}],"collection":[{"href":"https:\/\/holzhausenschule.de\/index.php?rest_route=\/wp\/v2\/pages"}],"about":[{"href":"https:\/\/holzhausenschule.de\/index.php?rest_route=\/wp\/v2\/types\/page"}],"author":[{"embeddable":true,"href":"https:\/\/holzhausenschule.de\/index.php?rest_route=\/wp\/v2\/users\/2"}],"replies":[{"embeddable":true,"href":"https:\/\/holzhausenschule.de\/index.php?rest_route=%2Fwp%2Fv2%2Fcomments&post=98"}],"version-history":[{"count":20,"href":"https:\/\/holzhausenschule.de\/index.php?rest_route=\/wp\/v2\/pages\/98\/revisions"}],"predecessor-version":[{"id":1357,"href":"https:\/\/holzhausenschule.de\/index.php?rest_route=\/wp\/v2\/pages\/98\/revisions\/1357"}],"wp:attachment":[{"href":"https:\/\/holzhausenschule.de\/index.php?rest_route=%2Fwp%2Fv2%2Fmedia&parent=98"}],"curies":[{"name":"wp","href":"https:\/\/api.w.org\/{rel}","templated":true}]}}