{"id":562,"date":"2022-06-07T14:00:45","date_gmt":"2022-06-07T12:00:45","guid":{"rendered":"https:\/\/holzhausenschule.de\/?page_id=562"},"modified":"2024-12-11T09:10:32","modified_gmt":"2024-12-11T08:10:32","slug":"dyskalkulie","status":"publish","type":"page","link":"https:\/\/holzhausenschule.de\/?page_id=562","title":{"rendered":"Dyskalkulie"},"content":{"rendered":"\n<p><\/p>\n\n\n\n<p>Eine \u201e<em>Dyskalkulie<\/em>\u201c wird auch<strong> \u201e<em>Rechenschw\u00e4che<\/em>\u201c oder \u201e<em>Rechenst\u00f6rung<\/em>\u201c <\/strong>genannt. Hiervon sind je nach Definition ca. 5 &#8211; 8 % aller Grundschulkinder betroffen. Wie bei einer Lese-Rechtschreibschw\u00e4che handelt es sich bei der Rechenschw\u00e4che um eine Lernschwierigkeit in einem bestimmten Gebiet, n\u00e4mlich der Mathematik.&nbsp;<\/p>\n\n\n\n<p><strong>Rechenschwierigkeiten<\/strong> k\u00f6nnen sich zeigen<\/p>\n\n\n\n<ul class=\"wp-block-list\">\n<li>beim Verst\u00e4ndnis von Zahlen oder Mengen<\/li>\n\n\n\n<li>beim Z\u00e4hlen oder Rechnen<\/li>\n\n\n\n<li>beim L\u00f6sen von Sachaufgaben.<\/li>\n<\/ul>\n\n\n\n<p>Wenn ein Kind hierbei Schwierigkeiten zeigt, ist es wichtig so fr\u00fch wie m\u00f6glich zu handeln. Mit fr\u00fchzeitigen und passgenauen F\u00f6rderma\u00dfnahmen kann verhindert werden, dass sich eine Dyskalkulie \u00fcberhaupt erst entwickelt. Daher hat die hessische Kultusministerkonferenz beschlossen:<\/p>\n\n\n\n<p><strong><em>\u201eDie Feststellung der besonderen Schwierigkeiten beim Lesen, Rechtschreiben und Rechnen geh\u00f6rt zu den Aufgaben der Schule.\u201c&nbsp;<\/em>(VOGSV 2011)<\/strong><\/p>\n\n\n\n<p>Die Schwierigkeiten sollen also direkt vor Ort in der Schule \u00fcberpr\u00fcft werden. An der Holzhausenschule wird zur Diagnostik ein normiertes Testverfahren eingesetzt, der&nbsp;<strong>Eggenberger Rechentest (ERT).<\/strong>&nbsp;Dieser Rechentest ist besonders umfangreich und aussagekr\u00e4ftig. Mithilfe des Testergebnisses kann genau ermittelt werden, in welchen mathematischen Teilbereichen Schwierigkeiten bestehen. Auf dieser Grundlage kann eine individuelle F\u00f6rderung f\u00fcr jedes Kind geplant werden. Falls ein F\u00f6rderbedarf besteht, wird der Besuch des Dyskalkulie-F\u00f6rderkurses empfohlen.<\/p>\n\n\n\n<p>Um den Zugang zur abstrakten Mathematik zu erleichtern, brauchen Kinder mit einer Rechenschw\u00e4che eine konkrete Vorstellung von Zahlen und Mengen.<\/p>\n\n\n\n<p>In den F\u00f6rderstunden wird daher intensiv mit <strong>Anschauungsmaterial <\/strong>und Hilfsmitteln gearbeitet, z.B.&nbsp;<\/p>\n\n\n\n<ul class=\"wp-block-list\">\n<li>Zehner- und Zwanzigerfeld,\u00a0<\/li>\n\n\n\n<li>Dienesmaterial (Einerw\u00fcrfel, Zehnerstangen, Hunderterplatten, Tausenderw\u00fcrfel),<\/li>\n\n\n\n<li>Zahlenstrahl,<\/li>\n\n\n\n<li>uvm.<\/li>\n<\/ul>\n\n\n\n<p><strong>Mathe-Lernspiele<\/strong> werden genutzt:&nbsp;<\/p>\n\n\n\n<ul class=\"wp-block-list\">\n<li>Dominos,<\/li>\n\n\n\n<li>Klammerkarten,<\/li>\n\n\n\n<li>Puzzles,<\/li>\n\n\n\n<li>Kopfrechenspiele,<\/li>\n\n\n\n<li>uvm.<\/li>\n<\/ul>\n\n\n\n<p>Falls Sie Schwierigkeiten bei Ihrem Kind in Mathematik vermuten, wenden Sie sich gerne vertrauensvoll an Ihre\/n Klassenlehrer\/in. Diese\/r meldet das Kind im Dyskalkulie-F\u00f6rderkurs an.&nbsp;<\/p>\n","protected":false},"excerpt":{"rendered":"<p>Eine \u201eDyskalkulie\u201c wird auch \u201eRechenschw\u00e4che\u201c oder \u201eRechenst\u00f6rung\u201c genannt. Hiervon sind je nach Definition ca. 5 &#8211; 8 % aller Grundschulkinder betroffen. Wie bei einer Lese-Rechtschreibschw\u00e4che handelt es sich bei der &hellip; <\/p>\n<p class=\"link-more\"><a href=\"https:\/\/holzhausenschule.de\/?page_id=562\" class=\"more-link\"><span class=\"screen-reader-text\">\u201eDyskalkulie\u201c<\/span> weiterlesen<\/a><\/p>\n","protected":false},"author":2,"featured_media":0,"parent":0,"menu_order":0,"comment_status":"closed","ping_status":"closed","template":"","meta":{"footnotes":""},"class_list":["post-562","page","type-page","status-publish","hentry"],"_links":{"self":[{"href":"https:\/\/holzhausenschule.de\/index.php?rest_route=\/wp\/v2\/pages\/562","targetHints":{"allow":["GET"]}}],"collection":[{"href":"https:\/\/holzhausenschule.de\/index.php?rest_route=\/wp\/v2\/pages"}],"about":[{"href":"https:\/\/holzhausenschule.de\/index.php?rest_route=\/wp\/v2\/types\/page"}],"author":[{"embeddable":true,"href":"https:\/\/holzhausenschule.de\/index.php?rest_route=\/wp\/v2\/users\/2"}],"replies":[{"embeddable":true,"href":"https:\/\/holzhausenschule.de\/index.php?rest_route=%2Fwp%2Fv2%2Fcomments&post=562"}],"version-history":[{"count":8,"href":"https:\/\/holzhausenschule.de\/index.php?rest_route=\/wp\/v2\/pages\/562\/revisions"}],"predecessor-version":[{"id":1301,"href":"https:\/\/holzhausenschule.de\/index.php?rest_route=\/wp\/v2\/pages\/562\/revisions\/1301"}],"wp:attachment":[{"href":"https:\/\/holzhausenschule.de\/index.php?rest_route=%2Fwp%2Fv2%2Fmedia&parent=562"}],"curies":[{"name":"wp","href":"https:\/\/api.w.org\/{rel}","templated":true}]}}