{"id":307,"date":"2022-03-24T23:52:29","date_gmt":"2022-03-24T22:52:29","guid":{"rendered":"https:\/\/holzhausenschule.de\/?page_id=307"},"modified":"2022-10-20T13:04:51","modified_gmt":"2022-10-20T11:04:51","slug":"besonderes","status":"publish","type":"page","link":"https:\/\/holzhausenschule.de\/?page_id=307","title":{"rendered":"Besonderes"},"content":{"rendered":"\n<div class=\"wp-block-columns is-layout-flex wp-container-core-columns-is-layout-9d6595d7 wp-block-columns-is-layout-flex\">\n<div class=\"wp-block-column is-layout-flow wp-block-column-is-layout-flow\" style=\"flex-basis:66.66%\">\n<h2 class=\"wp-block-heading\">Woher hat die Holzhausenschule ihren Namen?<\/h2>\n\n\n\n<p><em>von Charlotte W\u00f6lfle und Anna Stroschein (ehemalige 4c)<\/em><\/p>\n\n\n\n<p>Der Name der Holzhausenschule kommt von der Adelsfamilie Holzhausen. Diese kam urspr\u00fcnglich aus Burgholzhausen vor der H\u00f6he.<\/p>\n\n\n\n<p>Seit 1245 wohnte die Familie in Frankfurt am Main und geh\u00f6rte zu den angesehenen Patriziern&nbsp;(Patrizier sind einflussreiche und wohlhabende B\u00fcrger)&nbsp;der Stadt Frankfurt.&nbsp;<\/p>\n\n\n\n<p>Die Familie beteiligte sich bis Ende des 15. Jahrhunderts am Fernhandel. Danach verwaltete die Familie Holzhausen vor allem ihre H\u00e4user und Grundst\u00fccke. Dazu z\u00e4hlte auch das heute sehr bekannte Holzhausenschl\u00f6sschen, das sie&nbsp;bereits 1474 \u00fcbernahm. Damals war es noch eine mittelalterliche Wasserburg. In den Jahren 1727 bis 1729 wurde die Wasserburg von Johann Hieronymus von Holzhausen zur<\/p>\n\n\n\n<p>Sommerresidenz der Holzhausens ausgebaut. Heute befindet sich im Holzhausenschl\u00f6sschen unter anderem eine Kinderbibliothek und der Kinderchor der Frankfurter B\u00fcrgerstiftung probt dort.<\/p>\n\n\n\n<p>In all den&nbsp;Jahren, in denen die Familie Holzhausen existierte, waren \u00fcber 30 Mitglieder&nbsp;der Familie etwa 70-mal B\u00fcrgermeister von Frankfurt. Dar\u00fcber hinaus stellte&nbsp;sie zahlreiche Gesandte&nbsp;bei Reichstagen und St\u00e4dtetagen. 1923 starb Adolph von Holzhausen und mit ihm der Frankfurter Zweig der&nbsp;Familie aus.&nbsp;<\/p>\n\n\n\n<p>Das Holzhausenviertel, die Holzhausenstra\u00dfe, der Holzhausenpark, das Holzhausenschl\u00f6sschen&nbsp;und die Holzhausenschule tragen alle diesen Namen,&nbsp;weil die Familie Holzhausen \u00fcber 700 Jahre in Frankfurt sehr viel Einfluss hatte und deren Geschichte sehr&nbsp;gepr\u00e4gt hat.<\/p>\n\n\n\n<p><em>Quellen: Wikipedia, frankfurter-personenlexikon.de<\/em><\/p>\n<\/div>\n\n\n\n<div class=\"wp-block-column is-layout-flow wp-block-column-is-layout-flow\" style=\"flex-basis:33.33%\">\n<h2 class=\"wp-block-heading\">Holzi-Fakten:<\/h2>\n\n\n\n<p><i class=\"fa-solid fa-children\"><\/i>516 Sch\u00fcler*innen<\/p>\n\n\n\n<p><i class=\"fa-solid fa-person-chalkboard\"><\/i>47 Lehrer*innen<\/p>\n\n\n\n<p><i class=\"fa-solid fa-school\"><\/i>24 Klassen<\/p>\n\n\n\n<p><i class=\"fa-solid fa-utensils\"><\/i>1 Mensa<\/p>\n\n\n\n<pre class=\"wp-block-code\"><code>\n\n<\/code><\/pre>\n\n\n\n<p><\/p>\n<\/div>\n<\/div>\n","protected":false},"excerpt":{"rendered":"<p>Woher hat die Holzhausenschule ihren Namen? von Charlotte W\u00f6lfle und Anna Stroschein (ehemalige 4c) Der Name der Holzhausenschule kommt von der Adelsfamilie Holzhausen. Diese kam urspr\u00fcnglich aus Burgholzhausen vor der &hellip; <\/p>\n<p class=\"link-more\"><a href=\"https:\/\/holzhausenschule.de\/?page_id=307\" class=\"more-link\"><span class=\"screen-reader-text\">\u201eBesonderes\u201c<\/span> weiterlesen<\/a><\/p>\n","protected":false},"author":1,"featured_media":0,"parent":0,"menu_order":0,"comment_status":"closed","ping_status":"closed","template":"","meta":{"footnotes":""},"class_list":["post-307","page","type-page","status-publish","hentry"],"_links":{"self":[{"href":"https:\/\/holzhausenschule.de\/index.php?rest_route=\/wp\/v2\/pages\/307","targetHints":{"allow":["GET"]}}],"collection":[{"href":"https:\/\/holzhausenschule.de\/index.php?rest_route=\/wp\/v2\/pages"}],"about":[{"href":"https:\/\/holzhausenschule.de\/index.php?rest_route=\/wp\/v2\/types\/page"}],"author":[{"embeddable":true,"href":"https:\/\/holzhausenschule.de\/index.php?rest_route=\/wp\/v2\/users\/1"}],"replies":[{"embeddable":true,"href":"https:\/\/holzhausenschule.de\/index.php?rest_route=%2Fwp%2Fv2%2Fcomments&post=307"}],"version-history":[{"count":23,"href":"https:\/\/holzhausenschule.de\/index.php?rest_route=\/wp\/v2\/pages\/307\/revisions"}],"predecessor-version":[{"id":932,"href":"https:\/\/holzhausenschule.de\/index.php?rest_route=\/wp\/v2\/pages\/307\/revisions\/932"}],"wp:attachment":[{"href":"https:\/\/holzhausenschule.de\/index.php?rest_route=%2Fwp%2Fv2%2Fmedia&parent=307"}],"curies":[{"name":"wp","href":"https:\/\/api.w.org\/{rel}","templated":true}]}}