{"id":17,"date":"2022-02-12T11:17:46","date_gmt":"2022-02-12T10:17:46","guid":{"rendered":"https:\/\/holzhausenschule.de\/?page_id=17"},"modified":"2026-02-18T21:18:37","modified_gmt":"2026-02-18T20:18:37","slug":"startseite","status":"publish","type":"page","link":"https:\/\/holzhausenschule.de\/","title":{"rendered":"Startseite"},"content":{"rendered":"\n<figure class=\"wp-block-image size-large\"><img loading=\"lazy\" decoding=\"async\" width=\"1024\" height=\"264\" src=\"https:\/\/holzhausenschule.de\/wp-content\/uploads\/2022\/04\/7632F14E-EF81-46A0-AC1D-2FC2A8E15D4C-1024x264.jpeg\" alt=\"\" class=\"wp-image-451\" srcset=\"https:\/\/holzhausenschule.de\/wp-content\/uploads\/2022\/04\/7632F14E-EF81-46A0-AC1D-2FC2A8E15D4C-1024x264.jpeg 1024w, https:\/\/holzhausenschule.de\/wp-content\/uploads\/2022\/04\/7632F14E-EF81-46A0-AC1D-2FC2A8E15D4C-300x77.jpeg 300w, https:\/\/holzhausenschule.de\/wp-content\/uploads\/2022\/04\/7632F14E-EF81-46A0-AC1D-2FC2A8E15D4C-768x198.jpeg 768w, https:\/\/holzhausenschule.de\/wp-content\/uploads\/2022\/04\/7632F14E-EF81-46A0-AC1D-2FC2A8E15D4C.jpeg 1192w\" sizes=\"auto, (max-width: 767px) 89vw, (max-width: 1000px) 54vw, (max-width: 1071px) 543px, 580px\" \/><\/figure>\n\n\n\n<p class=\"has-large-font-size\"><strong>Neues aus der Schule<\/strong><\/p>\n\n\n\n<h2 class=\"wp-block-heading\"><br><\/h2>\n\n\n\n<h1 class=\"wp-block-heading\">Kennenlerntag f\u00fcr zuk\u00fcnftige Erstkl\u00e4ssler am 16.3.26<\/h1>\n\n\n\n<p>Liebe zuk\u00fcnftige Holzhauseneltern,<\/p>\n\n\n\n<p>am 16.3. findet bei uns der Kennenlerntag f\u00fcr alle Kinder, die im n\u00e4chsten Schuljahr in der Holzhausenschule eingeschult werden. Eine Einladung hierzu erhalten Sie per Post, sofern Sie die Schulanmeldung bei uns abgegeben haben.<\/p>\n\n\n\n<p>Wir freuen uns schon darauf, die neuen Ersties kennen zu lernen.<\/p>\n\n\n\n<p><\/p>\n\n\n\n<p><\/p>\n\n\n\n<p><\/p>\n\n\n\n<p><\/p>\n\n\n\n<p><\/p>\n\n\n\n<p><\/p>\n\n\n\n<p><\/p>\n\n\n\n<p><\/p>\n\n\n\n<h2 class=\"wp-block-heading\">Schulanmeldung 2026\/27,<\/h2>\n\n\n\n<p>Liebe Eltern,<\/p>\n\n\n\n<p>Wenn Ihr Kind zum Schuljahr 2026\/27 unsere Schule besuchen soll, k\u00f6nnen Sie es bis sp\u00e4testens 31.1.2026 anmelden. Anbei finden Sie die entsprechenden Anmeldeformulare f\u00fcr die verschiedenen Zweige (Regelzweig, Eingangsstufe, Bilizweig) an der Holzhausenschule. Bitte denken Sie an die Geburtsurkunde und den Impfausweis. Die Anmeldung muss bis sp\u00e4testens 31.1.2026 erfolgen.<\/p>\n\n\n\n<div data-wp-interactive=\"core\/file\" class=\"wp-block-file\"><object data-wp-bind--hidden=\"!state.hasPdfPreview\" hidden class=\"wp-block-file__embed\" data=\"https:\/\/holzhausenschule.de\/wp-content\/uploads\/2025\/09\/Anmeldung-zum-VLK.pdf\" type=\"application\/pdf\" style=\"width:100%;height:600px\" aria-label=\"Einbettung von Anmeldung zum VLK.\"><\/object><a id=\"wp-block-file--media-f20faa95-d139-4a04-a78e-afa4ee91bae7\" href=\"https:\/\/holzhausenschule.de\/wp-content\/uploads\/2025\/09\/Anmeldung-zum-VLK.pdf\">Anmeldung zum VLK<\/a><a href=\"https:\/\/holzhausenschule.de\/wp-content\/uploads\/2025\/09\/Anmeldung-zum-VLK.pdf\" class=\"wp-block-file__button wp-element-button\" download aria-describedby=\"wp-block-file--media-f20faa95-d139-4a04-a78e-afa4ee91bae7\">Herunterladen<\/a><\/div>\n\n\n\n<div data-wp-interactive=\"core\/file\" class=\"wp-block-file\"><object data-wp-bind--hidden=\"!state.hasPdfPreview\" hidden class=\"wp-block-file__embed\" data=\"https:\/\/holzhausenschule.de\/wp-content\/uploads\/2025\/09\/Anmeldungsunterlagen-E1-27_28.pdf\" type=\"application\/pdf\" style=\"width:100%;height:600px\" aria-label=\"Einbettung von Anmeldungsunterlagen E1 27_28.\"><\/object><a id=\"wp-block-file--media-9491a95d-509c-4116-8f16-3e352116d9cf\" href=\"https:\/\/holzhausenschule.de\/wp-content\/uploads\/2025\/09\/Anmeldungsunterlagen-E1-27_28.pdf\">Anmeldungsunterlagen E1 27_28<\/a><a href=\"https:\/\/holzhausenschule.de\/wp-content\/uploads\/2025\/09\/Anmeldungsunterlagen-E1-27_28.pdf\" class=\"wp-block-file__button wp-element-button\" download aria-describedby=\"wp-block-file--media-9491a95d-509c-4116-8f16-3e352116d9cf\">Herunterladen<\/a><\/div>\n\n\n\n<div data-wp-interactive=\"core\/file\" class=\"wp-block-file\"><object data-wp-bind--hidden=\"!state.hasPdfPreview\" hidden class=\"wp-block-file__embed\" data=\"https:\/\/holzhausenschule.de\/wp-content\/uploads\/2025\/09\/Anmeldungsunterlagen-BILI-27_28.pdf\" type=\"application\/pdf\" style=\"width:100%;height:600px\" aria-label=\"Einbettung von Anmeldungsunterlagen BILI 27_28.\"><\/object><a id=\"wp-block-file--media-3349c7f7-12df-4622-a262-13d693a85fb3\" href=\"https:\/\/holzhausenschule.de\/wp-content\/uploads\/2025\/09\/Anmeldungsunterlagen-BILI-27_28.pdf\">Anmeldungsunterlagen BILI 27_28<\/a><a href=\"https:\/\/holzhausenschule.de\/wp-content\/uploads\/2025\/09\/Anmeldungsunterlagen-BILI-27_28.pdf\" class=\"wp-block-file__button wp-element-button\" download aria-describedby=\"wp-block-file--media-3349c7f7-12df-4622-a262-13d693a85fb3\">Herunterladen<\/a><\/div>\n\n\n\n<p><\/p>\n\n\n\n<div data-wp-interactive=\"core\/file\" class=\"wp-block-file\"><object data-wp-bind--hidden=\"!state.hasPdfPreview\" hidden class=\"wp-block-file__embed\" data=\"https:\/\/holzhausenschule.de\/wp-content\/uploads\/2025\/09\/Anmeldungsunterlagen-Regelklasse-27_28.pdf\" type=\"application\/pdf\" style=\"width:100%;height:600px\" aria-label=\"Einbettung von Anmeldungsunterlagen Regelklasse 27_28.\"><\/object><a id=\"wp-block-file--media-2b9c7de1-0b01-4bd5-863f-8ae17c71ca10\" href=\"https:\/\/holzhausenschule.de\/wp-content\/uploads\/2025\/09\/Anmeldungsunterlagen-Regelklasse-27_28.pdf\">Anmeldungsunterlagen Regelklasse 27_28<\/a><a href=\"https:\/\/holzhausenschule.de\/wp-content\/uploads\/2025\/09\/Anmeldungsunterlagen-Regelklasse-27_28.pdf\" class=\"wp-block-file__button wp-element-button\" download aria-describedby=\"wp-block-file--media-2b9c7de1-0b01-4bd5-863f-8ae17c71ca10\">Herunterladen<\/a><\/div>\n\n\n\n<p><\/p>\n\n\n\n<p><\/p>\n\n\n\n<p><\/p>\n\n\n\n<p><\/p>\n\n\n\n<p class=\"has-medium-font-size\">VSS Kr\u00e4fte zur Unterst\u00fctzung unserer Grundschule gesucht! <\/p>\n\n\n\n<h2 class=\"wp-block-heading\">Interessiert? Details gibt es in unten stehender Stellenausschreibung .<\/h2>\n\n\n\n<div data-wp-interactive=\"core\/file\" class=\"wp-block-file\"><object data-wp-bind--hidden=\"!state.hasPdfPreview\" hidden class=\"wp-block-file__embed\" data=\"https:\/\/holzhausenschule.de\/wp-content\/uploads\/2024\/11\/VSS-Stellenausschreibung-1.pdf\" type=\"application\/pdf\" style=\"width:100%;height:600px\" aria-label=\"Einbettung von VSS-Stellenausschreibung.\"><\/object><a id=\"wp-block-file--media-dca4715a-17db-4963-885f-3f29b7ee6ea2\" href=\"https:\/\/holzhausenschule.de\/wp-content\/uploads\/2024\/11\/VSS-Stellenausschreibung-1.pdf\">VSS-Stellenausschreibung<\/a><a href=\"https:\/\/holzhausenschule.de\/wp-content\/uploads\/2024\/11\/VSS-Stellenausschreibung-1.pdf\" class=\"wp-block-file__button wp-element-button\" download aria-describedby=\"wp-block-file--media-dca4715a-17db-4963-885f-3f29b7ee6ea2\">Herunterladen<\/a><\/div>\n\n\n\n<h2 class=\"wp-block-heading\"><br><\/h2>\n\n\n\n<p><\/p>\n\n\n\n<p><\/p>\n\n\n\n<div class=\"wp-block-query is-layout-flow wp-block-query-is-layout-flow\"><ul class=\"wp-block-post-template is-layout-flow wp-block-post-template-is-layout-flow\"><li class=\"wp-block-post post-1359 post type-post status-publish format-standard hentry category-allgemein\">\n\n\n\n<hr class=\"wp-block-separator has-css-opacity\"\/>\n\n\n<div class=\"wp-block-post-date\"><time datetime=\"2026-02-01T16:01:55+01:00\">1. Februar 2026<\/time><\/div>\n<\/li><li class=\"wp-block-post post-1120 post type-post status-publish format-standard hentry category-allgemein\">\n\n\n\n<hr class=\"wp-block-separator has-css-opacity\"\/>\n\n\n<div class=\"wp-block-post-date\"><time datetime=\"2024-01-17T19:36:47+01:00\">17. Januar 2024<\/time><\/div>\n<\/li><li class=\"wp-block-post post-1116 post type-post status-publish format-standard hentry category-allgemein\">\n\n\n\n<hr class=\"wp-block-separator has-css-opacity\"\/>\n\n\n<div class=\"wp-block-post-date\"><time datetime=\"2024-01-14T11:15:13+01:00\">14. Januar 2024<\/time><\/div>\n<\/li><\/ul><\/div>\n","protected":false},"excerpt":{"rendered":"<p>Neues aus der Schule Kennenlerntag f\u00fcr zuk\u00fcnftige Erstkl\u00e4ssler am 16.3.26 Liebe zuk\u00fcnftige Holzhauseneltern, am 16.3. findet bei uns der Kennenlerntag f\u00fcr alle Kinder, die im n\u00e4chsten Schuljahr in der Holzhausenschule &hellip; <\/p>\n<p class=\"link-more\"><a href=\"https:\/\/holzhausenschule.de\/\" class=\"more-link\"><span class=\"screen-reader-text\">\u201eStartseite\u201c<\/span> weiterlesen<\/a><\/p>\n","protected":false},"author":1,"featured_media":0,"parent":0,"menu_order":0,"comment_status":"closed","ping_status":"closed","template":"","meta":{"footnotes":""},"class_list":["post-17","page","type-page","status-publish","hentry"],"_links":{"self":[{"href":"https:\/\/holzhausenschule.de\/index.php?rest_route=\/wp\/v2\/pages\/17","targetHints":{"allow":["GET"]}}],"collection":[{"href":"https:\/\/holzhausenschule.de\/index.php?rest_route=\/wp\/v2\/pages"}],"about":[{"href":"https:\/\/holzhausenschule.de\/index.php?rest_route=\/wp\/v2\/types\/page"}],"author":[{"embeddable":true,"href":"https:\/\/holzhausenschule.de\/index.php?rest_route=\/wp\/v2\/users\/1"}],"replies":[{"embeddable":true,"href":"https:\/\/holzhausenschule.de\/index.php?rest_route=%2Fwp%2Fv2%2Fcomments&post=17"}],"version-history":[{"count":37,"href":"https:\/\/holzhausenschule.de\/index.php?rest_route=\/wp\/v2\/pages\/17\/revisions"}],"predecessor-version":[{"id":1376,"href":"https:\/\/holzhausenschule.de\/index.php?rest_route=\/wp\/v2\/pages\/17\/revisions\/1376"}],"wp:attachment":[{"href":"https:\/\/holzhausenschule.de\/index.php?rest_route=%2Fwp%2Fv2%2Fmedia&parent=17"}],"curies":[{"name":"wp","href":"https:\/\/api.w.org\/{rel}","templated":true}]}}