{"id":111,"date":"2022-03-23T10:41:19","date_gmt":"2022-03-23T09:41:19","guid":{"rendered":"https:\/\/holzhausenschule.de\/?page_id=111"},"modified":"2022-11-28T11:40:59","modified_gmt":"2022-11-28T10:40:59","slug":"eingangsstufe","status":"publish","type":"page","link":"https:\/\/holzhausenschule.de\/?page_id=111","title":{"rendered":"Eingangsstufe"},"content":{"rendered":"\n<p><strong>Die Eingangsstufe der Holzhausenschule<\/strong><\/p>\n\n\n\n<p><strong>Was k\u00f6nnen Eltern von der Eingangsstufe erwarten?<\/strong><\/p>\n\n\n\n<p>Die Kinder k\u00f6nnen bereits mit f\u00fcnf Jahren eingeschult werden und haben zwei Jahre Zeit f\u00fcr die &nbsp;Lerninhalte des ersten Schuljahres.<\/p>\n\n\n\n<p>Sie erleben einen gleitenden, sanften konzeptionell durchdachten \u00dcbergang vom Kindergarten in der Schule.<\/p>\n\n\n\n<p>Neben dem Vermitteln von Lesen, Schreiben und Rechnen liegt ein wesentlicher Schwerpunkt in der F\u00f6rderung von Kreativit\u00e4t, sowie im Aufgreifen von unterschiedlichen Sachthemen.<\/p>\n\n\n\n<p><strong>Was erwartet die Schule von den Kindern?<\/strong><\/p>\n\n\n\n<p>Die Eltern, die ihr Kind nat\u00fcrlich am besten kennen, sollten sich folgende Fragen stellen:<\/p>\n\n\n\n<p>\u00c4u\u00dfert unser Kind von sich aus Interesse an der Schule?<\/p>\n\n\n\n<p>Hat unser Kind schon gen\u00fcgend Selbstsicherheit und die entsprechende k\u00f6rperliche Reife?<\/p>\n\n\n\n<p>Kann das Kind sich in eine Gruppe einordnen, anderen zuh\u00f6ren und sich \u00fcber l\u00e4ngere Zeit konzentrieren?<\/p>\n\n\n\n<p><strong>Welche Kinder k\u00f6nnen aufgenommen werden?<\/strong><\/p>\n\n\n\n<p>Kinder, die bis zum 30.Juni das f\u00fcnfte Lebensjahr vollenden, k\u00f6nnen aufgenommen werden.<\/p>\n\n\n\n<p>F\u00fcr die Eingangsstufe gelten die Schulbezirksgrenzen der Grundschule. Wenn Sie nicht im Schulbezirk wohnen, k\u00f6nnen Sie die Aufnahme per Gestattung beantragen.<\/p>\n\n\n\n<p><strong>Neugierig geworden?<\/strong> Kontaktieren<code> <\/code>Sie uns gerne!<\/p>\n","protected":false},"excerpt":{"rendered":"<p>Die Eingangsstufe der Holzhausenschule Was k\u00f6nnen Eltern von der Eingangsstufe erwarten? Die Kinder k\u00f6nnen bereits mit f\u00fcnf Jahren eingeschult werden und haben zwei Jahre Zeit f\u00fcr die &nbsp;Lerninhalte des ersten &hellip; <\/p>\n<p class=\"link-more\"><a href=\"https:\/\/holzhausenschule.de\/?page_id=111\" class=\"more-link\"><span class=\"screen-reader-text\">\u201eEingangsstufe\u201c<\/span> weiterlesen<\/a><\/p>\n","protected":false},"author":2,"featured_media":0,"parent":0,"menu_order":0,"comment_status":"closed","ping_status":"closed","template":"","meta":{"footnotes":""},"class_list":["post-111","page","type-page","status-publish","hentry"],"_links":{"self":[{"href":"https:\/\/holzhausenschule.de\/index.php?rest_route=\/wp\/v2\/pages\/111","targetHints":{"allow":["GET"]}}],"collection":[{"href":"https:\/\/holzhausenschule.de\/index.php?rest_route=\/wp\/v2\/pages"}],"about":[{"href":"https:\/\/holzhausenschule.de\/index.php?rest_route=\/wp\/v2\/types\/page"}],"author":[{"embeddable":true,"href":"https:\/\/holzhausenschule.de\/index.php?rest_route=\/wp\/v2\/users\/2"}],"replies":[{"embeddable":true,"href":"https:\/\/holzhausenschule.de\/index.php?rest_route=%2Fwp%2Fv2%2Fcomments&post=111"}],"version-history":[{"count":5,"href":"https:\/\/holzhausenschule.de\/index.php?rest_route=\/wp\/v2\/pages\/111\/revisions"}],"predecessor-version":[{"id":970,"href":"https:\/\/holzhausenschule.de\/index.php?rest_route=\/wp\/v2\/pages\/111\/revisions\/970"}],"wp:attachment":[{"href":"https:\/\/holzhausenschule.de\/index.php?rest_route=%2Fwp%2Fv2%2Fmedia&parent=111"}],"curies":[{"name":"wp","href":"https:\/\/api.w.org\/{rel}","templated":true}]}}